se 184 + 71 = h*z. Let q = z - 43. What is the units digit of q?
2
Suppose -2*b + 69 = 55. Suppose b*r - 4*r - 33 = 0. What is the tens digit of r?
1
Let c(l) = 13*l - 10. Let q be c(4). Let i = 139 - q. What is the tens digit of i?
9
Suppose 0 = 6*r - 2*r - s - 2275, -5*r + 3*s + 2849 = 0. What is the hundreds digit of r?
5
Let h(c) = 104*c - 283. What is the units digit of h(7)?
5
Suppose 20*x - 6*x = 8624. What is the hundreds digit of x?
6
Let k = -9 - -8. Let v be (-66)/18 - k/(-3). Let a(f) = -3*f + 4. What is the units digit of a(v)?
6
Suppose 0 = -4*v + 49 - 29. Suppose v*f = -5*a + 275, -4*f - 3*a = 40 - 256. What is the units digit of f?
1
Suppose -2*b + 0 + 0 = 0. Suppose b*h - 36 = -h. What is the units digit of h?
6
Let n be 8/2 - (36 + -7). Let f = 31 - n. What is the units digit of f?
6
Suppose b + 728 = s, 0 = 6*s - s - 3*b - 3632. What is the tens digit of s?
2
Let w(f) = -f**3 + 6*f**2 + 10*f - 3. Suppose 0 = 3*j - 7 - 14. Let p be w(j). Let t = p - -3. What is the tens digit of t?
2
Suppose -b - 3*v = -308, -1572 = -5*b - v + 2*v. What is the hundreds digit of b?
3
Let x(b) = -b**2 - 8*b - 12. Let y be x(-5). Suppose 2 = y*s + f + 3, -s = 2*f - 8. What is the tens digit of 41 + -4 + (-4)/s?
3
Let h(v) = 59*v**3 + 8*v - 1. Let r(q) = -q. Let y(g) = h(g) + 6*r(g). Suppose n = -2*x + 3, 4*n = 5*x - n. What is the tens digit of y(x)?
6
Let g = -15 + 17. Suppose -4*y + y = 0, 3*y = g*t - 2. What is the units digit of t?
1
Let l = 286 - -105. What is the hundreds digit of l?
3
Let f(d) = 77*d + 4. Let t be f(5). Suppose t = 4*g + 149. Suppose 0*b = -4*b + g. What is the tens digit of b?
1
Let v = -48 - -50. What is the units digit of 6 + v + (-3 - 12/(-4))?
8
Let i(p) = 47*p**2 - 1. Let q be i(-1). Let t be q*(4/(-8))/(-1). Suppose 3*y - 13 - t = 0. What is the tens digit of y?
1
Let s be (19/(-4))/((-20)/(-400)). Let h = -59 - s. Let o = h + -28. What is the units digit of o?
8
Let c(s) = -s**2 + 5*s - 4. Let d be c(3). Suppose 2*y = -2 - d. What is the units digit of 16 + 3*y/(-6)?
7
Let b(z) = -61*z + 9. Let g be b(-2). What is the units digit of 12/(-3) + 3 + g?
0
Suppose -j + 3*u + 1953 = -0*u, 2*u = 2*j - 3910. What is the hundreds digit of j?
9
Let y(k) = 21 - 3*k + k + 3*k - 2*k. Let v be y(0). Suppose -7*t + 10*t = v. What is the units digit of t?
7
What is the hundreds digit of 115 - (28/7 + -4)?
1
Let y = 126 - 64. What is the units digit of y?
2
What is the tens digit of ((-872)/14)/(10/(-35))?
1
Let t(s) = -s**3 + s - 1. Let r be t(-2). Suppose r*w + 96 = w + m, -2*w + 4*m = 34. Let b = w - -46. What is the tens digit of b?
2
What is the thousands digit of 2/10 - 680/(-25)*49?
1
Suppose 2*h + 4*g - 4 = -2*h, g + 9 = 4*h. Suppose -h*v + 19 = -137. Suppose -5*n + 22 = -v. What is the units digit of n?
0
Suppose 0 = -5*l - 3*s + 97, l + 23 = 2*l - 3*s. Let d = -18 + l. What is the tens digit of (1 - -2) + 37*d?
7
Let f(h) = 66*h + 45. What is the tens digit of f(6)?
4
Suppose 2*y + 30 = 2*d, d + 72 = 6*d - 2*y. What is the units digit of 2247/d*1 + (-2)/4?
0
Let z(q) = 133*q + 54. What is the units digit of z(5)?
9
Let d(i) = -i**3 + 4*i**2 - 2*i + 6. Let v be d(4). Suppose 0 = 2*m - 3*y - 62, 4*m - 120 = -0*y + 5*y. Let x = m + v. What is the units digit of x?
3
Let h = -206 + 380. What is the tens digit of h?
7
Suppose 5*z = -5*y + 20, 0*z + 20 = 5*y - z. Suppose -y*u = a - 0*a - 200, -4*u + 5*a = -224. What is the units digit of u?
1
Suppose 3*r - 4*r + 48 = 0. Let y = -16 + r. What is the units digit of y?
2
Suppose 1965 + 495 = 5*k. Suppose k = 4*q - 2*q. What is the tens digit of q?
4
Let i = -561 + 380. Let l = i + 253. What is the units digit of l?
2
Suppose -4*t + 324 = 4*g, 0 = -6*t + 2*t + 5*g + 306. What is the units digit of 4*(-1)/(-4)*t?
9
Suppose 4*f = f + 3*i + 1014, 0 = -4*f - 2*i + 1376. What is the hundreds digit of f?
3
Let w(h) = -h**3 + h**2 - 1. Let s be w(2). Let a be -2 + (-6)/15*s. Suppose -u + 2*u - 26 = a. What is the tens digit of u?
2
What is the tens digit of (-83705)/(-15) + (-10)/(-15)?
8
Suppose -4 = 4*x + 5*v - 19, 5*x + 2*v - 23 = 0. Suppose 5*c + x*s = 355, 4*c - 4*s - 70 - 238 = 0. What is the tens digit of c?
7
Let b(q) be the third derivative of -1/3*q**4 + 0*q - 5/6*q**3 - 2*q**2 + 0 + 1/60*q**5. What is the tens digit of b(10)?
1
Let a(i) = 266*i + 431. What is the hundreds digit of a(6)?
0
Suppose -1656 = -136*j + 134*j. What is the tens digit of j?
2
Let z = 120 - 15. What is the hundreds digit of z?
1
Suppose -14*k = -13*k - 31. Suppose -62 = -j + k. What is the units digit of j?
3
Suppose -4*d = l - 526, 2*l = -2*d + 318 - 58. Let j = d + -76. Suppose 0 = z + z - j. What is the tens digit of z?
2
Let h(f) = -3*f + 8. Let t be h(3). Let g = t + 22. What is the units digit of g?
1
Let m be 4/(-24) - 13/(-6). Suppose m*a - 20 = -3*x + 15, -3*a + 24 = -5*x. What is the tens digit of a?
1
Suppose 4*s - 51 = 29. Let n = s - -7. What is the units digit of (n + -1)*(-1)/(-2)?
3
Let q(v) = v**3 + 7*v**2 - 2*v - 10. Suppose 5*g = 13 - 33, 4*d = -g + 68. Let z = 11 - d. What is the units digit of q(z)?
4
Let r(c) = -c + 17. Let s be r(11). Let w be (4 + -2)*9/s. Suppose -30 + 153 = w*x. What is the units digit of x?
1
Let f(p) = p**3 - p**2 + p + 3. Let q(w) = w**3 - 2*w**2 + 4. Let i(k) = 3*f(k) - 4*q(k). Let t = 3 + 2. What is the units digit of i(t)?
8
Suppose 5*x + 8 - 48 = 0. Let l be 3 + (-4)/x*2. Suppose -l*z + z = -8. What is the units digit of z?
8
Suppose -3*a + 3441 + 3957 = 0. What is the hundreds digit of a?
4
Let u(f) = -11*f + 106. What is the hundreds digit of u(-15)?
2
Suppose -4*s + 4 = -2*s. Let y be s/(((-15)/(-36))/5). Suppose 2*p - 4*b - 48 = 0, 0*p - 2*b + y = 2*p. What is the units digit of p?
6
Let g = 161 - 81. Suppose i - g = -4*i. What is the tens digit of i?
1
Let n(q) = 26*q**2 + 33*q + 5. What is the units digit of n(-5)?
0
Let h = 26 - 25. Let u(o) = 27*o. What is the units digit of u(h)?
7
What is the tens digit of (-9262)/(-77) - 3/(-21)*-2?
2
Suppose 4*p - 2*x = 7146, -7*p + 6*p + x = -1785. What is the thousands digit of p?
1
Let o be (-1210)/(-14) - (-32)/56. Suppose -5*d = -4*b - o, -4*d - 3*b = d - 66. What is the units digit of d?
5
Let w be ((-30)/(-6) - 6)*1*-3. Suppose w*r - 29 = -2. What is the units digit of r?
9
Let p(o) = -3 - 24*o**2 + 20 + 26*o**2 + 12*o. What is the units digit of p(-7)?
1
Let u(o) = -3*o**3 + 7*o**2 + 13*o + 2. What is the hundreds digit of u(-6)?
8
Let k = -19 - -18. Let p be k*15/6*-2. Let m = 38 - p. What is the units digit of m?
3
Let v(s) = -s - 3. Let u be v(-9). Suppose -4*t = -u*t + 8. Suppose 2*c + 4*j = 28, t*j = -j + 20. What is the units digit of c?
6
Let g(k) = k**3 - 8*k**2 + 2*k. Let z be g(8). Let l = -10 + z. Suppose -2*i - 3*h + 122 = 0, h = -3*i + l*h + 145. What is the tens digit of i?
5
Let s = 105 + 68. Let l = -112 + s. What is the tens digit of l?
6
Let c = 662 - 332. Suppose -7*j + c = -1077. What is the tens digit of j?
0
Let q(c) = 11*c**2 - 105*c + 51. What is the tens digit of q(17)?
4
Let n(q) = 3*q**2 - 12*q - 18. Let r(m) = m + 27. Let z be r(-18). What is the units digit of n(z)?
7
What is the units digit of (1 + (-7052)/4)/(-2)?
1
Suppose 0*h = 4*h - 4*z - 524, 4*h + z = 499. Let k = -14 + h. What is the units digit of k?
2
Let s(k) = -2*k**2 + k**2 - k - 20*k**3 + 0*k**3. Let f(u) = u**3 + 8*u**2 + u + 7. Let i be f(-8). What is the units digit of s(i)?
0
Let t(b) = -b**2 + b + 90. Let g be t(0). Let q = g - 64. What is the tens digit of 6/10*(-1 + q)?
1
Let g = -73 + 246. Suppose 2*p + 0*p = 5*m + 138, -m = 3*p - g. What is the tens digit of p?
5
Let x(y) = 134*y + 2. Let u be (-6)/4*(-4)/6. What is the units digit of x(u)?
6
Let j = -4 - -9. Let u = j - 4. What is the units digit of ((-3)/(-5 - -2))/u?
1
What is the units digit of (27 - 43)*(-22 + 1)?
6
Let v(q) = q**2 + 12*q + 13. Let g be v(-11). Let n(j) = 0*j**2 + 11*j**g - 4*j**2 + j - 2. What is the units digit of n(1)?
6
Let u(d) = 3*d + 3*d + 12 + 6*d**2 - 2*d + 2*d. Let p(j) = -j**2 + j - 1. Let a(s) = -5*p(s) - u(s). What is the units digit of a(-6)?
3
Suppose -554*i = -553*i - 938. What is the hundreds digit of i?
9
Let a(m) = 3*m**2 + 7*m + 7. Let k be a(-4). Suppose -f + 27 = -k. What is the tens digit of (-3 - f/(